{"id":614,"date":"2022-04-28T08:23:54","date_gmt":"2022-04-28T06:23:54","guid":{"rendered":"https:\/\/www.robincare.de\/?page_id=614"},"modified":"2022-04-28T11:11:28","modified_gmt":"2022-04-28T09:11:28","slug":"einordnung-des-projekts-robincare","status":"publish","type":"page","link":"https:\/\/www.robincare.de\/?page_id=614","title":{"rendered":"Einordnung"},"content":{"rendered":"\n<hr class=\"wp-block-separator\"\/>\n\n\n\n<div class=\"wp-block-columns is-layout-flex wp-container-core-columns-is-layout-9d6595d7 wp-block-columns-is-layout-flex\">\n<div class=\"wp-block-column is-vertically-aligned-center is-layout-flow wp-block-column-is-layout-flow\" style=\"flex-basis:33.33%\">\n<figure class=\"wp-block-image size-full is-resized\"><img loading=\"lazy\" decoding=\"async\" src=\"https:\/\/www.robincare.de\/wp-content\/uploads\/2022\/04\/thurAI-Struktur-1024x770-1.png\" alt=\"ThurAI-Projekt\" class=\"wp-image-602\" width=\"433\" height=\"325\" srcset=\"https:\/\/www.robincare.de\/wp-content\/uploads\/2022\/04\/thurAI-Struktur-1024x770-1.png 1024w, https:\/\/www.robincare.de\/wp-content\/uploads\/2022\/04\/thurAI-Struktur-1024x770-1-300x226.png 300w, https:\/\/www.robincare.de\/wp-content\/uploads\/2022\/04\/thurAI-Struktur-1024x770-1-768x578.png 768w\" sizes=\"auto, (max-width: 433px) 100vw, 433px\" \/><\/figure>\n<\/div>\n\n\n\n<div class=\"wp-block-column is-layout-flow wp-block-column-is-layout-flow\" style=\"flex-basis:66.67%\">\n<p>Aufbauend auf den Aktivit\u00e4ten des <a rel=\"noreferrer noopener\" href=\"https:\/\/tzlr.de\/\" target=\"_blank\">TZLR<\/a> (Th\u00fcringer Zentrum f\u00fcr Lernende Systeme und Robotik) werden innerhalb des <strong>ThurAI-Projekts<\/strong>(Thuringian AI = Th\u00fcringer KI) vom Freistaat Th\u00fcringen im Rahmen des \u201eMa\u00dfnahmenpaket Innovationspotenziale\u201c <strong>12 Pilotprojekte<\/strong> mit einem Gesamtf\u00f6rdervolumen von <strong>2,56 Millionen Euro <\/strong>zu Anwendung und Transfer von KI-Methoden in der Praxis initiiert. <\/p>\n\n\n\n<p>Hierzu stehen die folgenden drei Leitthemen, die besondere Bedeutung f\u00fcr die Th\u00fcringer Wirtschaft und Wissenschaft besitzen, im Fokus:<\/p>\n\n\n\n<ul class=\"wp-block-list\"><li><strong>Produktion und Qualit\u00e4tssicherung<\/strong> durch Unterst\u00fctzung der Automatisierung von Produktions- und Fertigungsprozessen in der Industrie, aber auch der Prozess\u00fcberwachung und Qualit\u00e4tssicherung<\/li><li><strong>Gesundheitswesen und Medizintechnik<\/strong> \u00fcber den Einsatz von KI-Methoden in medizintechnischen Ger\u00e4ten und in Pflegeeinrichtungen,<\/li><li><strong>Smart City<\/strong> durch intelligente, datengetriebene L\u00f6sungen f\u00fcr Effizienz, B\u00fcrgerfreundlichkeit und Nachhaltigkeit moderner Kommunen.<\/li><\/ul>\n\n\n\n<p>Zu diesen Leitthemen sollen im Rahmen von Pilotprojekten Demonstratoren entwickelt werden, die das Potential intelligenter bzw. lernender Systeme aufzeigen und Anwendungsbeispiele illustrieren.<\/p>\n\n\n\n<p>Im <strong>Teilprojekt RobinCare &#8211;&nbsp; Robotik in der Pflege<\/strong> geht es um die Entwicklung von KI-\u00adTechnologien f\u00fcr interaktive mobile Assistenzroboter zur Unterst\u00fctzung des Pflege\u00adalltags.<\/p>\n<\/div>\n<\/div>\n\n\n\n<hr class=\"wp-block-separator\"\/>\n\n\n\n<div class=\"wp-block-columns is-layout-flex wp-container-core-columns-is-layout-9d6595d7 wp-block-columns-is-layout-flex\">\n<div class=\"wp-block-column is-layout-flow wp-block-column-is-layout-flow\" style=\"flex-basis:33.33%\">\n<figure class=\"wp-block-image size-full\"><img loading=\"lazy\" decoding=\"async\" width=\"917\" height=\"156\" src=\"https:\/\/www.robincare.de\/wp-content\/uploads\/2022\/04\/Logo_-_TMWWDG__1_-1.png\" alt=\"\" class=\"wp-image-611\" srcset=\"https:\/\/www.robincare.de\/wp-content\/uploads\/2022\/04\/Logo_-_TMWWDG__1_-1.png 917w, https:\/\/www.robincare.de\/wp-content\/uploads\/2022\/04\/Logo_-_TMWWDG__1_-1-300x51.png 300w, https:\/\/www.robincare.de\/wp-content\/uploads\/2022\/04\/Logo_-_TMWWDG__1_-1-768x131.png 768w\" sizes=\"auto, (max-width: 917px) 100vw, 917px\" \/><\/figure>\n<\/div>\n\n\n\n<div class=\"wp-block-column is-layout-flow wp-block-column-is-layout-flow\" style=\"flex-basis:66.66%\">\n<p>Gef\u00f6rdert durch das Th\u00fcringer Ministerium f\u00fcr Wirtschaft, Wissenschaft und Digitale Gesellschaft<\/p>\n<\/div>\n<\/div>\n","protected":false},"excerpt":{"rendered":"<p>Aufbauend auf den Aktivit\u00e4ten des TZLR (Th\u00fcringer Zentrum f\u00fcr Lernende Systeme und Robotik) werden innerhalb des ThurAI-Projekts(Thuringian AI = Th\u00fcringer KI) vom Freistaat Th\u00fcringen im Rahmen des \u201eMa\u00dfnahmenpaket Innovationspotenziale\u201c 12 Pilotprojekte mit einem Gesamtf\u00f6rdervolumen von 2,56 Millionen Euro zu Anwendung und Transfer von KI-Methoden in der Praxis initiiert. Hierzu stehen die folgenden drei Leitthemen, die &#8230; <a title=\"Einordnung\" class=\"read-more\" href=\"https:\/\/www.robincare.de\/?page_id=614\" aria-label=\"Mehr Informationen \u00fcber Einordnung\">Weiterlesen<\/a><\/p>\n","protected":false},"author":1,"featured_media":0,"parent":0,"menu_order":0,"comment_status":"closed","ping_status":"closed","template":"","meta":{"footnotes":""},"class_list":["post-614","page","type-page","status-publish"],"_links":{"self":[{"href":"https:\/\/www.robincare.de\/index.php?rest_route=\/wp\/v2\/pages\/614","targetHints":{"allow":["GET"]}}],"collection":[{"href":"https:\/\/www.robincare.de\/index.php?rest_route=\/wp\/v2\/pages"}],"about":[{"href":"https:\/\/www.robincare.de\/index.php?rest_route=\/wp\/v2\/types\/page"}],"author":[{"embeddable":true,"href":"https:\/\/www.robincare.de\/index.php?rest_route=\/wp\/v2\/users\/1"}],"replies":[{"embeddable":true,"href":"https:\/\/www.robincare.de\/index.php?rest_route=%2Fwp%2Fv2%2Fcomments&post=614"}],"version-history":[{"count":8,"href":"https:\/\/www.robincare.de\/index.php?rest_route=\/wp\/v2\/pages\/614\/revisions"}],"predecessor-version":[{"id":653,"href":"https:\/\/www.robincare.de\/index.php?rest_route=\/wp\/v2\/pages\/614\/revisions\/653"}],"wp:attachment":[{"href":"https:\/\/www.robincare.de\/index.php?rest_route=%2Fwp%2Fv2%2Fmedia&parent=614"}],"curies":[{"name":"wp","href":"https:\/\/api.w.org\/{rel}","templated":true}]}}